17776338947 prime?
True
Is 22761222047 composite?
True
Is 39192810431 a composite number?
False
Is 3375789929 a prime number?
False
Is 7500271759 a prime number?
False
Is 321368363 composite?
False
Is 442589593 a composite number?
True
Is 1991034233 a prime number?
False
Is 25044396791 a prime number?
False
Is 2428792571 a composite number?
True
Is 789469711 prime?
False
Is 41919981503 composite?
False
Is 19518499943 prime?
False
Is 269809079 composite?
True
Is 679787074 prime?
False
Is 303668201 prime?
False
Is 16968714163 a prime number?
False
Is 14798010037 a prime number?
False
Is 1224825583 composite?
False
Is 967400443 a prime number?
True
Is 387028451 a prime number?
False
Is 20173733837 a prime number?
False
Is 83314279879 prime?
False
Is 80020353643 a prime number?
True
Is 924548302 a prime number?
False
Is 4606956077 composite?
False
Is 1827529211 a composite number?
True
Is 7377649249 prime?
True
Is 224188331 composite?
False
Is 3289746461 a composite number?
False
Is 281987131 composite?
False
Is 15955338431 composite?
True
Is 8794494661 a prime number?
False
Is 2291135563 composite?
False
Is 37582835699 a prime number?
True
Is 2194476571 a prime number?
False
Is 509033251 a prime number?
True
Is 15047666633 a composite number?
False
Is 681001423 prime?
False
Is 9602357 a composite number?
True
Is 723549179 a composite number?
False
Is 5932618777 a composite number?
False
Is 486770003 composite?
False
Is 76114909643 prime?
False
Is 61337829317 a prime number?
False
Is 551383003 a prime number?
False
Is 1673959597 prime?
False
Is 365384623 composite?
True
Is 50662968137 a composite number?
True
Is 336371823751 a composite number?
True
Is 320123239 composite?
True
Is 845062453 prime?
True
Is 1100197771 a prime number?
False
Is 7846277893 prime?
False
Is 10437966689 a prime number?
False
Is 2497213507 a prime number?
True
Is 7462731007 a prime number?
False
Is 2601086221 a composite number?
True
Is 22101134977 composite?
True
Is 55296899297 composite?
False
Is 2911161731 composite?
False
Is 303464669 a prime number?
True
Is 153477953879 a prime number?
True
Is 55940086031 composite?
True
Is 70953694809 a composite number?
True
Is 5837340967 composite?
False
Is 47389203637 a prime number?
True
Is 121860954071 composite?
False
Is 6414350543 a prime number?
False
Is 702878621 a prime number?
False
Is 3454294193 a prime number?
False
Is 26247950657 a prime number?
True
Is 2233250317 a composite number?
True
Is 4015709443 a composite number?
True
Is 12233777557 composite?
False
Is 618160099 prime?
False
Is 267601651381 a composite number?
True
Is 24650359469 composite?
True
Is 207847998157 a prime number?
True
Is 3141585523 a composite number?
False
Is 1548787303 a prime number?
False
Is 49582749 a composite number?
True
Is 5091615341 composite?
False
Is 1805063509 composite?
False
Is 467777249 a composite number?
True
Is 6191863949 a composite number?
False
Is 74187980731 composite?
False
Is 560916661 a composite number?
False
Is 148109696213 prime?
True
Is 55118163223 a composite number?
False
Is 1238079695 prime?
False
Is 12659724967 composite?
True
Is 87568807 a composite number?
False
Is 226899193 prime?
True
Is 194655469 composite?
True
Is 240600336722 a composite number?
True
Is 53363216689 composite?
False
Is 29285626613 composite?
False
Is 1367262377 composite?
True
Is 1384431119 a prime number?
False
Is 58570943 composite?
False
Is 3136943707 prime?
True
Is 1552771006 prime?
False
Is 1325607229 a composite number?
False
Is 841613963 a composite number?
True
Is 19104385121 a prime number?
False
Is 8272129493 a prime number?
True
Is 329576833 composite?
True
Is 126896033939 a composite number?
False
Is 24485972743 a composite number?
False
Is 2626452505 a prime number?
False
Is 2631911239 prime?
True
Is 9347656141 prime?
False
Is 1230628733 prime?
False
Is 91059592363 composite?
False
Is 27265757987 a composite number?
True
Is 4457813821 prime?
True
Is 1412828369 composite?
True
Is 12043967267 a prime number?
False
Is 864044062699 prime?
True
Is 8710538091 a prime number?
False
Is 110866482733 prime?
False
Is 460840937 composite?
True
Is 46063304582 a prime number?
False
Is 976316219 prime?
True
Is 2101563917 prime?
True
Is 256022411 composite?
True
Is 17031066389 a composite number?
False
Is 2123504069 prime?
True
Is 14184609631 a composite number?
True
Is 3582329321 a composite number?
False
Is 48551456797 prime?
True
Is 2345317021 composite?
False
Is 28144359517 a composite number?
False
Is 77417807 composite?
True
Is 3114761123 prime?
True
Is 69864423701 prime?
True
Is 35231351317 prime?
False
Is 3771961961 a prime number?
True
Is 217521961 a composite number?
False
Is 8540369659 a composite number?
True
Is 610025123 composite?
True
Is 1592464319 a prime number?
True
Is 901920277 prime?
False
Is 1047915559 prime?
False
Is 6776056069 a prime number?
True
Is 4198519837 composite?
False
Is 556408961 prime?
False
Is 90675711857 prime?
True
Is 3498193913 a prime number?
False
Is 133732437079 composite?
True
Is 1379041591 composite?
True
Is 29896368269 composite?
False
Is 3412523391 a composite number?
True
Is 1034922653 a composite number?
True
Is 712987621 prime?
False
Is 557912129 prime?
False
Is 16548953299 a prime number?
True
Is 10397435509 a prime number?
False
Is 2207098037 a prime number?
True
Is 91043753 a prime number?
False
Is 527931239 a prime number?
False
Is 17433439351 prime?
True
Is 66671984353 a composite number?
True
Is 12239754577 prime?
True
Is 980634007 prime?
True
Is 402087649 a composite number?
True
Is 12187933099 composite?
False
Is 30359711743 prime?
False
Is 112458023 composite?
True
Is 53162635931 prime?
True
Is 7204493909 a composite number?
False
Is 3774327703 a prime number?
True
Is 51742686587 a composite number?
False
Is 37683016831 composite?
False
Is 19116644713 a prime number?
True
Is 811726939 prime?
False
Is 2260386482 a composite number?
True
Is 6049094171 composite?
False
Is 808654343 a composite number?
True
Is 799620677 a composite number?
False
Is 6153480533 composite?
False
Is 13133331173 composite?
True
Is 17196521018 prime?
False
Is 5567736553 a composite number?
True
Is 5345905463 composite?
False
Is 998316937 a prime number?
True
Is 1940916391 composite?
True
Is 881208577 composite?
False
Is 6289554833 a composite number?
True
Is 89213381623 prime?
False
Is 372965521 composite?
True
Is 159059917 a prime number?
False
Is 98701046935 a prime number?
False
Is 1472769877 a composite number?
False
Is 105745341551 prime?
True
Is 57376792093 a composite number?
False
Is 3933427142 a prime number?
False
Is 12826422379 a composite number?
False
Is 12704236607 a prime number?
False
Is 3216330547 a prime number?
False
Is 16561848551 a prime number?
False
Is 2840873141 composite?
True
Is 633484897 a composite number?
True
Is 565764449 composite?
False
Is 5438196191 composite?
False
Is 16354277 composite?
False
Is 629911619 a prime number?
False
Is 6853744829 composite?
True
Is 712566353 a composite number?
False
Is 2556214987 prime?
False
Is 1535708059 prime?
True
Is 713735501 a prime number?
False
Is 689090707 composite?
False
Is 11616263717 composite?
False
Is 4231548379 a prime number?
True
Is 185532409 composite?
False
Is 676960759 a prime number?
True
Is 2473102061 a prime number?
True
Is 94508509 a prime number?
False
Is 856345043 prime?
False
Is 10329702889 prime?
False
Is 16250099471 prime?
False
Is 631702285 prime?
False
Is 34182754147 prime?
True
Is 132169434473 prime?
False
Is 111355217 a composite number?
True
Is 4041534683 prime?
True
Is 2752171067 a prime number?
True
Is 6076078727 a composite number?
False
Is 4352365973 composite?
True
Is 62583516041 a prime number?
False
Is 15588252889 a prime number?
False
Is 38105706931 prime?
False
Is 105076393 composite?
False
Is 796509667 prime?
False
Is 81083677427 prime?
True
Is 1725150533 a prime number?
True
Is 39422942413 a prime number?
True
Is 115801649 prime?
False
Is 62986430959 composite?
False
Is 336826507 a composite number?
False
Is 2688135451 a composite number?
False
Is 3254093441 prime?
False
Is 10943780999 a composite number?
False
Is 10045653251 a prime number?
True
Is 3987161957 a composite number?
False
Is 120264966677